n?
2, 173
Suppose 0 = -16*r + 52*r - 857088. List the prime factors of r.
2, 3, 31
Suppose -4*o + 2*s = -2, -4 = o - s - 6. Let m(t) = -t**3 + 6*t**2 - 4*t - 4. Let p be m(5). What are the prime factors of p - -68 - o/((-2)/2)?
2, 17
What are the prime factors of 20/(-90) + 2013575/225?
3, 19, 157
Suppose 9*q = 18*q + 8*q - 158355. List the prime factors of q.
3, 5, 23
Suppose -14*z + 15*z - 10 = 0. Suppose z*d - 3949 = -d. List the prime factors of d.
359
Let j(w) = 19*w - 177. Let z be j(6). Let u = z - -157. List the prime factors of u.
2, 47
Suppose 2*b - 8 = -2*w, -5*b = -6*b + 4*w + 14. Suppose -n + 63 = b*n. Suppose 0 = -n*l + 78 + 417. List the prime factors of l.
5, 11
Suppose -2*i + 4292 = 4*u, -5*i + 9574 + 1161 = 5*u. What are the prime factors of i?
2, 3, 179
Suppose 370*g - 364*g = 29928. List the prime factors of g.
2, 29, 43
Let a = -200 + 184. List the prime factors of (3 + (-76)/a)/((-2)/(-72)).
3, 31
Let f = -13016 + 30279. List the prime factors of f.
61, 283
Let r be (-11034)/(-10) - 3/(-5). Let g be r/36 + (-4)/6. Suppose 0 = d + 2 - g. What are the prime factors of d?
2, 7
Let o = -248 - -253. Suppose 2*d - 195 - 482 = -f, o*d = -f + 1688. List the prime factors of d.
337
List the prime factors of (15998/3)/((-24)/(-36)).
19, 421
Suppose 32*z = 29*z - c + 33609, -5*c + 33633 = 3*z. List the prime factors of z.
23, 487
Suppose 14 = -4*q + 5*q. What are the prime factors of 5775/q + 20/8?
5, 83
Let c be (-62)/(-8) - 7/(-28). Suppose c*y = -4*k + 3*y + 928, 3*k = 5*y + 661. List the prime factors of k.
227
Suppose 3*i + 21 = 4*s - 0*s, 0 = 3*i - 3. Suppose -4*l - 3*t = -s*t - 1610, 4*t + 396 = l. What are the prime factors of l?
2, 101
Let y = 64532 - 41272. List the prime factors of y.
2, 5, 1163
Suppose -u = -6*u + 5*i - 365, 5*i = -3*u - 195. List the prime factors of (-8250)/u - (-3)/21.
2, 59
Suppose -11*h + 16403 = -1483. List the prime factors of h.
2, 3, 271
Let l(h) = -h**2 + 13*h + 19. Let o(s) = -s**3 - 6*s**2 + 13*s + 28. Let c be o(-8). Let w be (3 + -2)*(c + -2)/5. What are the prime factors of l(w)?
7
List the prime factors of (-13 - -1)*(-33)/(-66)*5539/(-2).
3, 29, 191
Suppose -108283 = -8*u + 237276 - 11103. List the prime factors of u.
97, 431
Suppose -5*u = -6*u - 2*i + 97, 2*u = -3*i + 195. Suppose -3*y - 3*b = -u, 4*y - b - 143 = 9. List the prime factors of y.
37
Let r(g) = -2960*g + 4246. What are the prime factors of r(-18)?
2, 7, 587
Let l = 1410 - 367. Let p = l + -551. What are the prime factors of p?
2, 3, 41
Let h = -241 + 276. Suppose 10*d = 7635 - h. List the prime factors of d.
2, 5, 19
Suppose 201*i - 421*i + 357714 = -203*i. List the prime factors of i.
2, 3, 7, 167
Let l = -364 + 5174. List the prime factors of l.
2, 5, 13, 37
Suppose -7445583 = -221*l + 5101913. List the prime factors of l.
2, 47, 151
Suppose -b + 11*b - 170 = 0. Let n be (1/(-2))/(1/(-24)). Suppose 380 = -n*c + b*c. List the prime factors of c.
2, 19
Suppose 85*f - 44*f = 291059. What are the prime factors of f?
31, 229
Let k(s) = -2*s**3 + 28*s**2 + 5*s - 1. Let w be k(13). Suppose w = 11*t - 2326. What are the prime factors of t?
2, 31
Let v = 10505 + -6809. What are the prime factors of v?
2, 3, 7, 11
What are the prime factors of 4 + (-6 - 0) + (17 - -3033)?
2, 3, 127
Let q(z) = -3*z**3 - 5*z**2 + 5*z + 11. Suppose -t + 2*a = -10, 10 = 4*t + a + a. Let n be (-1 + 3)/(t/(-8)). What are the prime factors of q(n)?
103
Let i = 53 - 77. Let o be (-10)/3*(-17 - i/(-6)). Let q = 301 - o. What are the prime factors of q?
3, 7, 11
What are the prime factors of (-474204)/(-72) - (0 + 1)/6?
2, 37, 89
Let g be 66*(2 + -3)/(-6)*28. Suppose 3*b + 4*n = g, 0 = -0*b - 2*b - 4*n + 204. List the prime factors of b.
2, 13
Suppose 5041273 = 202*g - 2995095. List the prime factors of g.
2, 4973
Suppose 4*w + 74 + 94 = 0. Let a be 3/(-6) - w/12. Suppose 2*k + 448 = 4*j - 2*k, -221 = -2*j + a*k. What are the prime factors of j?
5, 23
Let h(x) = 38*x**3 - 5*x**2 + 8*x + 1. Let u = 562 + -560. List the prime factors of h(u).
7, 43
Suppose 4*x + 0*i + 2*i = 232, -x - i = -57. Suppose -x*d + 64*d = 595. List the prime factors of d.
7, 17
Let r(x) = -x**3 - 51*x**2 - 72*x + 199. List the prime factors of r(-53).
3, 13, 19
Let t = 1964 + -1198. Let w = t + -194. List the prime factors of w.
2, 11, 13
Let b(q) = 4307*q - 643. List the prime factors of b(5).
2, 3, 1741
Let v = -17099 + 31228. List the prime factors of v.
71, 199
Suppose 30*x + 40627 - 814627 = 0. What are the prime factors of x?
2, 3, 5, 43
Let m(j) = -j**3 + 15*j**2 + 19*j - 43. Let z be m(16). Suppose -2*k - 780 = -5*y + 44, -z*y + 818 = -4*k. What are the prime factors of y?
2, 83
Suppose -3*m - 9*o + 5*o = -7610, -3*o + 5072 = 2*m. Suppose -4*n = 5*t - m, -3*n - 1057 = t - 2958. Suppose -9*u = -n - 1662. List the prime factors of u.
3, 5, 17
Let j = -86 + 172. Suppose 0 = 3*o + q - 8, 28 = o - q + 24. Suppose o*z + 13*l = 8*l + 110, -j = -2*z + 3*l. List the prime factors of z.
2, 5
Suppose -80*x + 81*x - 5*n = 30197, 0 = -x - n + 30197. What are the prime factors of x?
30197
Let o(a) = 39*a + 67. Let p be o(-23). What are the prime factors of (81/(-135))/(2/p)?
3, 83
Let n be (-15)/10 + (-3365)/(-10). Let u(j) = j**2 - 219. Let v be u(0). Let s = n + v. List the prime factors of s.
2, 29
Suppose 0 = -406*h + 414*h - 68152. List the prime factors of h.
7, 1217
Let a = -764 - -777. Suppose 2994 + 5352 = a*m. What are the prime factors of m?
2, 3, 107
Let a = 11220 - 2535. What are the prime factors of a?
3, 5, 193
Let k be -5 + (-26 - 4)/(-6). Suppose k*r = 5*r - 25. Suppose 5*l = r*j + 1375, -3*j - j - 290 = -l. What are the prime factors of l?
2, 3, 5
Let w(n) = 65*n - 1. Let y(f) = -f**3 + 10*f**2 + 4*f - 33. Let p be y(10). What are the prime factors of w(p)?
2, 227
Let g(t) = 4*t**2 + 88*t - 211. List the prime factors of g(39).
5, 1861
Let b(d) = d**3 - 7*d**2 + 9*d + 2. Let k be (-1)/(-2)*(11 + -1). Let g be b(k). Let w(x) = -32*x + 17. List the prime factors of w(g).
113
Let f(y) = 2*y**2 - 10*y - 14. Let q be ((-8)/6)/(8/(-12)). Suppose -q*o = -3 - 15. What are the prime factors of f(o)?
2, 29
Suppose 2*v + 5*y - 67756 = 0, 3*v + 74*y - 71*y - 101652 = 0. List the prime factors of v.
2, 3, 353
List the prime factors of (20 - 14)/3 - -19365.
107, 181
Suppose -12553 = -3*n - 5*y, -2*n + 3*n + 2*y = 4186. List the prime factors of n.
2, 3, 29
Let i(b) = 1144*b**2 - 4*b - 1. Let y be i(-1). Suppose 16*s - y = 4277. List the prime factors of s.
3, 113
Suppose -3532 = -x - 4*a + 5073, 2*a - 14 = 0. What are the prime factors of x?
3, 953
Suppose -10754 = -27*c + 26*c - 4*z, -3*c - 4*z + 32254 = 0. What are the prime factors of c?
2, 5, 43
Suppose 5*p - 254468 = 5*s - 9*s, -p = -3*s - 50905. List the prime factors of p.
2, 3181
Suppose 1 = q - z - 3, 0 = 4*q + 3*z + 12. Suppose -2*f + 80 + 264 = q. Suppose 5*s - f = -2*o + o, -3*o = 4*s - 505. List the prime factors of o.
167
Suppose 4*r + c + 99 = 0, -4*r + 22*c - 18*c = 124. Let u = -82 - -197. Let s = r + u. List the prime factors of s.
89
Let h = 7434 + -2496. What are the prime factors of h?
2, 3, 823
Let n(j) = 2776*j + 1324. What are the prime factors of n(12)?
2, 7, 1237
Let x(k) = -9*k**3 - k**2 - 7*k + 1. Let g be x(-11). Suppose 10*c + 22*c - g = 0. List the prime factors of c.
373
Suppose g + 282 = -5*g. Let q = -34 + 64. Let n = q - g. What are the prime factors of n?
7, 11
Let j = 3471 - -10023. What are the prime factors of j?
2, 3, 13, 173
Let o(z) = 57086*z**2 + 601*z + 601. List the prime factors of o(-1).
2, 17, 23, 73
Let c(t) = 16*t**2 - t + 12. Let q = 84 + -88. What are the prime factors of c(q)?
2, 17
Suppose 68*u + 162118 = 39*u + 40*u. List the prime factors of u.
2, 7369
Let q(z) = -4*z + 4. Let u be q(4). Let j be u/(-30) + (-2)/5. Suppose 0*h = 3*d + 4*h - 477, j = -4*h. What are the prime factors of d?
3, 53
Let m(f) = f**3 - 5*f**2 - 24*f + 8. Let g be m(8). List the prime factors of 4/(g/6)*53/3.
53
Suppose 21*l = 61984 - 30196 + 97551. What are the prime factors of l?
3, 2053
List the prime factors of (-300)/650 - 255656/(-52).
2, 1229
Let j(u) be the third derivative of 13*u**5/120 + u**4/3 - 7*u**3/2 - u**2 - 9*u. Let h(d) be the first derivative of j(d). List the prime factors of h(5)